 + 9*k - 2. Suppose t - 16 = -9. Is c(t) prime?
False
Let f = 209 - 112. Is f prime?
True
Suppose 0 = -2*m + 82 + 26. Suppose 0 = 5*s - m - 11. Is s composite?
False
Let f be 2 + 5/(10/(-6)). Is 272/4 + (-2 - f) prime?
True
Suppose 2*h = -2 + 6. Let i be 1/2*3*2. Suppose h*j + 4*m = 74 + 8, -i*m + 6 = 0. Is j composite?
False
Is (-12)/(-28) - ((-21558)/21 + -4) prime?
True
Suppose -5 = r - 2*r. Suppose -5*y + 287 = 2*i - 4*i, 4*y = r*i + 216. Is y a composite number?
False
Suppose -2*r + 5 = 3*r. Let q(i) = 182*i**2 - 1. Is q(r) a composite number?
False
Suppose 4*o = -o. Suppose 2*q + q - 102 = o. Is q a prime number?
False
Let z(i) = -2*i + 4. Let w(c) = -3*c + 9. Let a(n) = 2*w(n) - 5*z(n). Is a(4) a composite number?
True
Suppose 0 = 7*g - 2*g + 15, -5*v - 5*g = 140. Let a be 14/5*(v + 0). Is (2 - 1)/((-2)/a) a composite number?
True
Suppose s = -2*s + 9. Suppose 9*j - o - 34 = 4*j, s*o = 2*j - 11. Is j prime?
True
Suppose 5*z - 18 + 4 = 2*p, -3*z = -p - 9. Suppose p*k + 2*b = 283, 2*k + 2*k - 2*b = 382. Is k prime?
False
Let m(v) be the first derivative of v**3/3 + 5*v**2 - 8*v - 3. Let x be m(-8). Let c = -17 - x. Is c a composite number?
False
Suppose 0 = -11*f + 17*f - 55194. Is f a composite number?
False
Suppose 0*h - 12 = -2*h. Suppose -4 = s + j, -5*j = -5*s + h + 24. Let r(o) = 27*o**2 - 1. Is r(s) composite?
True
Let s = -9399 + 14259. Suppose -3*q - q = 5*j + 4860, 5*j - q = -s. Is (-3)/15 - j/10 prime?
True
Suppose 3*g = -2*z, -2*g = -5*z + g. Suppose 4*p - 4704 + 1556 = z. Is p a prime number?
True
Suppose 2*p = 4*o - p - 406, 99 = o - 2*p. Is o prime?
True
Is (-2)/9 - (-1)/((-18)/(-13378)) prime?
True
Suppose 0*a - 2 = 2*a. Is 417 - a/2*4 a composite number?
False
Suppose 2*g + 151 = 3*g + 4*b, 5*g = 4*b + 779. Suppose 2*m + 3*m = g. Let u = m + 54. Is u a prime number?
False
Let o = 1969 + -1260. Is o composite?
False
Let u be -5*(0 - 18/(-15)). Let r = -4 - u. Suppose r*t - 23 = t. Is t a prime number?
True
Let d be (5 + -5)/((-4)/2). Suppose -f - f + 4 = z, 3*f + 3*z = d. Suppose f*r - o - 2*o - 641 = 0, 810 = 5*r + 5*o. Is r composite?
True
Suppose u = 58 + 195. Is u prime?
False
Let k(i) = 2*i - 3. Let s be 1 - (2 + -1 - 4). Let l be k(s). Suppose f + 4*c - 41 = -0*c, l*f - c - 247 = 0. Is f a composite number?
True
Let i = 6 + -7. Is (1/(-2))/(i/94) a prime number?
True
Let h = 33 + -47. Suppose 5*m - 5*x = 130, 2*x = -m - 2*x + 16. Let f = m + h. Is f a prime number?
False
Suppose 2*k - 1055 = 5351. Is k prime?
True
Let o(t) = 19*t + 1. Let u be 20/(-7)*(-14)/4. Is o(u) prime?
True
Let d(i) = 13*i**3 - 1. Let n be d(-2). Let b = -72 - n. Is b composite?
True
Suppose -4*k + 3*j = -2219, -488 + 1614 = 2*k + 4*j. Is k a composite number?
False
Is ((-1399)/3)/((-24)/72) a prime number?
True
Let p be ((-695)/10)/((-1)/(-2)). Let v = 254 + p. Is v a prime number?
False
Let d(q) = -53*q - 5. Is d(-8) composite?
False
Let v be ((-2)/(-4))/(2/24). Let s = v - 4. Suppose -5*t - 66 + 231 = 5*x, 168 = 5*x + s*t. Is x composite?
True
Is 167 + (6/2 - 7) a prime number?
True
Let c(q) = 31*q - 3. Let d be c(11). Let i = d + -211. Is i a composite number?
False
Suppose n - 4 = -4*c - 2*n, 24 = 3*c - 3*n. Suppose y = -c*y + 1255. Is y a prime number?
True
Let w = -30 + 32. Let h(x) be the third derivative of 8*x**4/3 - x**3/6 + x**2. Is h(w) composite?
False
Let x(v) be the second derivative of -19*v**3/6 + v**2 - v. Let a be x(-2). Suppose -5*j + 745 + a = 0. Is j a prime number?
True
Let i be 4/2 + -2 + 2. Suppose 5 = k - i. Is k a prime number?
True
Suppose 3*i = -3*k + 615, -i + k - 406 = -3*i. Is i prime?
False
Let m(b) = b**3 - 4*b**2 - 5*b - 2. Let w be m(5). Let f(l) = 82*l**2 - l - 1. Is f(w) prime?
False
Let n(b) = b**3 - 2*b**2 + 4*b - 2. Suppose -3*g + 3 = -3. Is n(g) a prime number?
False
Let g = 59 - -12. Is g prime?
True
Suppose -3*r - 83 = -5*b - 4*r, -20 = -2*b + 4*r. Is 470/8 - (-4)/b a prime number?
True
Let x be (-6)/36 + (-19)/(-6). Let z(o) = o**3 - 4*o**2 + 2*o + 4. Let g be z(x). Is (-3 - -3 - -10)*g prime?
False
Suppose -4 - 8 = -6*f. Is (-1 + f/4)*-74 a composite number?
False
Let i(d) = 11*d - 2. Let a be (-1)/(-2) - 90/12. Let h = a - -12. Is i(h) composite?
False
Let s(d) = d**3 - d**2 + 12*d + 13. Is s(9) a composite number?
False
Let s = 4446 - 2501. Is s a composite number?
True
Let o = -791 - -1110. Is o a prime number?
False
Suppose 8 = 5*y - 7. Suppose 2*m + 5 = 5*p + y, 5*p - m = 6. Suppose 2*j - 93 = -4*d + 7*j, p*d + 5*j - 39 = 0. Is d composite?
True
Is (-3)/2 - 1767/(-6) a prime number?
True
Let r be 49*((-72)/(-28) - 0). Let o = r - -1. Is o prime?
True
Suppose 4*g + 5*q + 1193 = 0, -5*q - 106 = -5*g - 1586. Let x = -166 - g. Is x composite?
False
Let n = 39 + -18. Suppose 3*r = 168 - n. Is r composite?
True
Let d = -3 - -24. Let o = d - 63. Let v = o - -64. Is v a composite number?
True
Suppose 0*f + 2*f + 4 = 0. Let g = 1 - 3. Is (0 + f)/(g/35) a prime number?
False
Suppose -574 = -3*j + 59. Is j prime?
True
Let o = -28 + 159. Is o a composite number?
False
Let g be 0/((-8)/(2 - -2)). Suppose g = 3*k + 4*b - 191, 7*b = 5*k + 4*b - 270. Is k a prime number?
False
Let x = 426 + -242. Suppose 5*h - 944 + x = 0. Suppose 3*o = h - 41. Is o a prime number?
True
Let g(h) = -2*h + h**2 - 2 - 2 - 1. Let u be (1 + 0 - -1) + -6. Is g(u) prime?
True
Let n(d) = 38*d**2 + 8*d. Let f(j) = 19*j**2 + 4*j. Let t(g) = 7*f(g) - 4*n(g). Let w be t(10). Is 4/(-6) + w/(-12) a prime number?
False
Suppose -2*n = -f - 580, 2*f + 228 = n - 65. Is n a composite number?
True
Let j(g) = 4*g**2 + 15*g - 18. Let f be j(9). Let x = f + -308. Is x a prime number?
False
Let h(g) = g + 15. Let o be h(-13). Suppose w - o*w = -587. Is w composite?
False
Suppose -4*g = -16, 3*a - 490 = -6*g + 2*g. Is a a composite number?
True
Let l(k) = k**2 + 7*k + 7 + 3 - 1. Let r be l(-8). Is (1*-14)/((-2)/r) prime?
False
Suppose -38 + 984 = 2*f. Is f prime?
False
Suppose 2107 = 5*w + 4*m, -2*m + m = -3. Is w a composite number?
False
Suppose -613 - 1015 = -4*k. Suppose -5*x - k = -4*s + 1095, 5*x = 5*s - 1875. Is s prime?
True
Let j(z) = -z**3 + 8*z**2 + 11*z + 11. Is j(-8) composite?
False
Let g(r) = -r**3 - 9*r**2 + r + 12. Let z be g(-9). Suppose 0 = 2*s + s + 15, z*c - 5*s + 11 = 0. Let u = 91 + c. Is u a prime number?
True
Let l(j) = -j**3 + 5*j**2 + j - 3. Let b be l(5). Suppose -5*g = 4*z + z - 120, 4*z + b*g = 86. Is z a prime number?
True
Let i = -7 - -7. Let z = 4 + -1. Suppose -4*f + 2*k + 102 = i, 0*f + z*k - 8 = -f. Is f composite?
False
Let g = -8 + 11. Is 1710/(-27)*g/(-2) composite?
True
Let m = 37 + -23. Suppose -32 = -2*k + m. Suppose -2*b + k = -45. Is b composite?
True
Suppose -9 = 2*p - 7. Is (-3 - p)*262/(-4) composite?
False
Let y be ((-28)/3)/((-2)/(-6)). Let g = -102 + 185. Let p = g + y. Is p composite?
True
Let v(i) = i**3 + 2*i**2 - 4*i - 2. Let n be v(4). Suppose -9 = -2*u - 3. Suppose m + 2*o + 11 = n, -4*m - u*o + 278 = 0. Is m a prime number?
True
Let f(u) = 63*u - 5. Is f(6) composite?
False
Suppose 2*t = -2*t, 0 = 2*f + 4*t - 1814. Is f prime?
True
Let o = 37 - -9. Let c be -2*(46/4 + 0). Let l = c + o. Is l prime?
True
Suppose -5*v + 1165 = 260. Suppose -v = -4*u - 33. Is u composite?
False
Suppose -2*j = 3*j + 135. Let s be (0 + 5)*j/(-15). Is 1/(-4) + s/4 prime?
True
Suppose 4*f = -5*z + 21, -f = -3*z + 3*f + 19. Suppose -v = -z*l - 664, 2*l + v - 4*v + 263 = 0. Let o = -86 - l. Is o prime?
True
Let n be (-4)/(-2*1/118). Let t be (n + -3)/((-2)/(-2)). Suppose t = 3*l + 68. Is l composite?
True
Let g be (-3)/3*7*-201. Suppose o = 4*o - g. Is o prime?
False
Let p = 9 - 5. Let d(b) = b**3 - 2*b**2 + b - 1. Is d(p) a composite number?
True
Let u be 24/9*-6*7. Let l = 94 - u. Is l composite?
True
Let a(t) = 20*t**2 + 3*t - 4. Let g be a(-3). Suppose 141 + g = 4*z. Is z a prime number?
False
Let x(z) = 23*z**2 - 1. Let c = -6 - -6. Let a = c + 2. Is x(a) a composite number?
True
Suppose 83 = 5*d - 4*d. Is d composite?
False
Let h(u) be the first derivative of u**4/2 - 7*u**3/3 + 2*u - 2. Is h(5) a composite number?
True
Suppose 4*o = -l + 5*l - 1192, l + 4*o = 323. Is l a composite number?
True
Suppose -3*i + 5*z = 20, 6*z - 20 = 2*i + z. Suppose i = 2*j + 2*j - 16. Suppose -3*r - 28 - 118 = -4*c, 0 = 4*c + j